 divided by 9.
8
Calculate the remainder when 3549 is divided by 67.
65
What is the remainder when 98 is divided by 40?
18
What is the remainder when 773 is divided by 152?
13
What is the remainder when 296 is divided by 9?
8
Calculate the remainder when 926 is divided by 104.
94
Calculate the remainder when 359 is divided by 36.
35
Calculate the remainder when 49 is divided by 14.
7
What is the remainder when 1546 is divided by 259?
251
Calculate the remainder when 9679 is divided by 23.
19
Calculate the remainder when 600 is divided by 14.
12
Calculate the remainder when 101 is divided by 29.
14
Calculate the remainder when 585 is divided by 82.
11
What is the remainder when 27 is divided by 8?
3
Calculate the remainder when 270 is divided by 56.
46
Calculate the remainder when 20041 is divided by 22.
21
What is the remainder when 68 is divided by 7?
5
What is the remainder when 851 is divided by 4?
3
What is the remainder when 147 is divided by 79?
68
Calculate the remainder when 780 is divided by 129.
6
What is the remainder when 20713 is divided by 15?
13
Calculate the remainder when 11958 is divided by 260.
258
What is the remainder when 93 is divided by 8?
5
Calculate the remainder when 1032 is divided by 51.
12
Calculate the remainder when 348 is divided by 39.
36
What is the remainder when 283 is divided by 181?
102
Calculate the remainder when 35 is divided by 3.
2
What is the remainder when 1592 is divided by 789?
14
Calculate the remainder when 8650 is divided by 222.
214
What is the remainder when 550 is divided by 211?
128
What is the remainder when 133 is divided by 34?
31
What is the remainder when 32 is divided by 20?
12
Calculate the remainder when 109 is divided by 11.
10
Calculate the remainder when 201 is divided by 49.
5
What is the remainder when 16485 is divided by 85?
80
What is the remainder when 138 is divided by 36?
30
Calculate the remainder when 1863 is divided by 179.
73
Calculate the remainder when 707 is divided by 85.
27
Calculate the remainder when 234 is divided by 3.
0
What is the remainder when 285 is divided by 59?
49
What is the remainder when 9 is divided by 5?
4
What is the remainder when 114 is divided by 13?
10
What is the remainder when 263 is divided by 14?
11
Calculate the remainder when 2409 is divided by 143.
121
What is the remainder when 1635 is divided by 50?
35
What is the remainder when 5802 is divided by 45?
42
Calculate the remainder when 165 is divided by 38.
13
What is the remainder when 641 is divided by 2?
1
What is the remainder when 519 is divided by 107?
91
Calculate the remainder when 91 is divided by 31.
29
Calculate the remainder when 851 is divided by 56.
11
What is the remainder when 1685 is divided by 560?
5
Calculate the remainder when 1228 is divided by 6.
4
What is the remainder when 211 is divided by 100?
11
Calculate the remainder when 239 is divided by 32.
15
What is the remainder when 867 is divided by 62?
61
Calculate the remainder when 328 is divided by 20.
8
What is the remainder when 161 is divided by 54?
53
What is the remainder when 127 is divided by 34?
25
What is the remainder when 5393 is divided by 76?
73
Calculate the remainder when 1679 is divided by 84.
83
Calculate the remainder when 19296 is divided by 23.
22
Calculate the remainder when 191 is divided by 143.
48
What is the remainder when 1513 is divided by 501?
10
What is the remainder when 279 is divided by 3?
0
Calculate the remainder when 472 is divided by 79.
77
What is the remainder when 95 is divided by 52?
43
Calculate the remainder when 1018 is divided by 20.
18
What is the remainder when 67903 is divided by 8?
7
Calculate the remainder when 2344 is divided by 42.
34
What is the remainder when 1930 is divided by 69?
67
Calculate the remainder when 338 is divided by 68.
66
What is the remainder when 1124 is divided by 1106?
18
Calculate the remainder when 758 is divided by 243.
29
Calculate the remainder when 1784 is divided by 51.
50
Calculate the remainder when 2036 is divided by 51.
47
What is the remainder when 4149 is divided by 83?
82
What is the remainder when 251 is divided by 55?
31
Calculate the remainder when 352 is divided by 158.
36
Calculate the remainder when 79 is divided by 29.
21
Calculate the remainder when 344 is divided by 9.
2
What is the remainder when 4127 is divided by 118?
115
Calculate the remainder when 811 is divided by 25.
11
Calculate the remainder when 1888 is divided by 27.
25
What is the remainder when 298 is divided by 186?
112
Calculate the remainder when 236 is divided by 5.
1
Calculate the remainder when 1311 is divided by 13.
11
Calculate the remainder when 209 is divided by 26.
1
What is the remainder when 930 is divided by 26?
20
What is the remainder when 1424 is divided by 57?
56
Calculate the remainder when 1793 is divided by 69.
68
Calculate the remainder when 2189 is divided by 18.
11
What is the remainder when 114 is divided by 46?
22
What is the remainder when 49 is divided by 13?
10
Calculate the remainder when 1569 is divided by 93.
81
Calculate the remainder when 303 is divided by 77.
72
Calculate the remainder when 187 is divided by 48.
43
What is the remainder when 45 is divided by 12?
9
What is the remainder when 1457 is divided by 18?
17
What is the remainder when 23 is divided by 21?
2
What is the remainder when 1600 is divided by 73?
67
What is the remainder when 270 is divided by 55?
50
Calculate the remainder when 577 is divided by 40.
17
What is the remainder when 56 is divided by 28?
0
What is the remainder when 191 is divided by 32?
31
Calculate the remainder when 116 is divided by 49.
18
Calculate the remainder when 1471 is divided by 477.
40
What is the remainder when 338 is divided by 5?
3
What is the remainder when 119 is divided by 12?
11
Calculate the remainder when 967 is divided by 51.
49
What is the remainder when 52 is divided by 26?
0
Calculate the remainder when 101 is divided by 40.
21
What is the remainder when 152 is divided by 37?
4
Calculate the remainder when 18 is divided by 13.
5
What is the remainder when 50 is divided by 38?
12
What is the remainder when 63 is divided by 30?
3
Calculate the remainder when 224 is divided by 58.
50
Calculate the remainder when 4412 is divided by 1467.
11
What is the remainder when 83 is divided by 44?
39
Calculate the remainder when 388 is divided by 76.
8
What is the remainder when 1761 is divided by 172?
41
What is the remainder when 167 is divided by 9?
5
What is the remainder when 750 is divided by 128?
110
Calculate the remainder when 158 is divided by 5.
3
What is the remainder when 526 is divided by 22?
20
What is the remainder when 69 is divided by 36?
33
What is the remainder when 21921 is divided by 25?
21
What is the remainder when 1118 is divided by 51?
47
Calculate the remainder when 5024 is divided by 136.
128
What is the remainder when 4187 is divided by 2090?
7
What is the remainder when 5571 is divided by 39?
33
Calculate the remainder when 2619 is divided by 114.
111
What is the remainder when 573 is divided by 81?
6
Calculate the remainder when 3020 is divided by 335.
5
What is the remainder when 1878 is divided by 207?
15
Calculate the remainder when 2647 is divided by 1313.
21
What is the remainder when 1281 is divided by 635?
11
Calculate the remainder when 56 is divided by 21.
14
What is the remainder when 397 is divided by 107?
76
What is the remainder when 364 is divided by 34?
24
What is the remainder when 154 is divided by 82?
72
Calculate the remainder when 389 is divided by 79.
73
Calculate the remainder when 95 is divided by 48.
47
Calculate the remainder when 124 is divided by 63.
61
What is the remainder when 29 is divided by 3?
2
Calculate the remainder when 1420 is divided by 9.
7
What is the remainder when 1287 is divided by 6?
3
What is the remainder when 186 is divided by 49?
39
Calculate the remainder when 2106 is divided by 49.
48
Calculate the remainder when 208 is divided by 10.
8
What is the remainder when 106 is divided by 11?
7
Calculate the remainder when 247 is divided by 36.
31
Calculate the remainder when 167 is divided by 43.
38
What is the remainder when 98 is divided by 38?
22
What is the remainder when 1017 is divided by 50?
